3
Let y be (-8)/(-3)*42/(-4). Let r(v) = 143*v - 1244. Let i be r(9). Let l = y + i. Calculate the highest common factor of 285 and l.
15
Let h be 91/(-1)*-2*1. Let q = -28318 + 28474. Calculate the greatest common factor of h and q.
26
Suppose 4*z = -113 + 1217. Suppose -4*y + 221 = m, -2*y = -7*y - m + z. Suppose 48*x - 135 = 105. Calculate the highest common factor of x and y.
5
Let g(i) be the second derivative of i**4/12 - 23*i**3/6 + 94*i**2 + 139*i. Let q be g(15). Suppose 2*f - f = 17. What is the highest common factor of q and f?
17
Let h(y) = 13 + 20 - 7 - 3*y**2 + y**2. Let s be h(-11). Let w = s - -544. What is the highest common divisor of 41 and w?
41
Suppose 0*d = 4*d - 36. Let w be (d/27)/(1/(-3)) + 5. Suppose 6*m - 568 = 3*m - j, -m = w*j - 193. Calculate the highest common divisor of m and 27.
27
Let h = -46 + 15. Let t = -19 - h. Suppose -2*n + 124 - t = 0. What is the greatest common factor of 7 and n?
7
Suppose 103*s = 80*s + 1196. What is the highest common factor of 3328 and s?
52
Let c = 1132 - -118. Let b be c/8 + 40/(-160). What is the highest common factor of 260 and b?
52
Let c = 67 - 67. Suppose -2*g - 6*g + 336 = c. What is the greatest common divisor of 21 and g?
21
Let d be 46 - (165/(-15) + 19). Calculate the highest common divisor of d and 4199.
19
Suppose -6*f - 2*f - 280 = 0. Let d = 69 + f. Calculate the highest common factor of 34 and d.
34
Let g(a) = 2404*a**2 + 288*a + 288. Let l be g(-1). What is the greatest common divisor of l and 16?
4
Let n be ((-1)/(-1))/(-4) + (-2028)/(-624). Suppose 1007 - 1241 = -n*v. What is the highest common divisor of 429 and v?
39
Let f(n) = -2*n**2 + 2*n - 1. Let g be f(1). Let l be 10 + (5 - g)/3. Let y be l/15 + 11/5 + 18. What is the greatest common factor of 7 and y?
7
Let v be (1 - 7526)*(-2)/6 + 114/171. Calculate the greatest common divisor of v and 39.
13
Let o be 42 - (18/(-15))/((-57)/(-95)). What is the highest common divisor of 52 and o?
4
Let j = -2944 + 2958. Calculate the highest common divisor of 680 and j.
2
Suppose 22*b - 3650 = 12*b. Suppose -i - b = -5*s, 2*s - i = 46 + 103. Calculate the greatest common factor of 16 and s.
8
Let y(i) be the second derivative of 7*i**3/6 - 11*i**2 + 25*i. Let o be y(8). Let x be ((-51)/(-3))/((-3)/(-15)). What is the highest common factor of x and o?
17
Let n(z) = 18*z - 8*z - 7*z - z - 28. Let g be n(17). Calculate the greatest common factor of 39 and g.
3
Suppose -5*h + 1 = -a, 6*h - 44 = -a + 2*h. Calculate the highest common divisor of 18552 and a.
24
Suppose 58*z - 60*z + 140 = 0. Let c = 100 - z. Calculate the highest common factor of c and 210.
30
Suppose -12*y = -167*k + 171*k - 2528, -5*y - 4*k = -1058. Calculate the highest common factor of y and 4335.
15
Let t(i) = -20*i**3 - i**2 - 8*i - 7. Let g be t(-1). Calculate the greatest common factor of g and 276.
4
Suppose 0 = 5*m + 14 - 264. Let k be 1/(-3) - (3 - m/15). Suppose -769 = -k*r - 3*r + 2*d, -5*r + 5*d = -1275. Calculate the highest common divisor of r and 37.
37
Let p(t) = 3*t - 4. Let r be p(3). Suppose -2*o - 3*n + 42 = 3*o, -46 = -r*o - 4*n. Suppose -o*m + 25 = -95. What is the greatest common divisor of m and 4?
4
Let o be (177742/905)/((-134)/420 + 1/3). Calculate the highest common factor of 28 and o.
28
Suppose -2*s = -5*z - 55, -4*s = s + z - 178. Suppose -5*l = -295 + s. Calculate the highest common factor of l and 12.
4
Let h = 10 + 17. Suppose 5*u = -5*o + 5, -4*o = -5*u - 5*o + 17. Let d be (6/8)/(u/1296). What is the highest common divisor of d and h?
27
Let f be -11 + 98 + (11 - 7). What is the highest common factor of f and 169?
13
Let h(v) = 2*v**2 + 84*v + 314. Let r be h(-4). Let u = 8 - 6. Calculate the highest common factor of r and u.
2
Let b(c) = -c**3 - 11*c**2 + 29*c + 135. Let r be b(-13). Calculate the highest common factor of r and 160.
32
Let a = 2404 - 1984. Calculate the highest common factor of a and 924.
84
Let y = 15036 + -13695. What is the highest common divisor of 27 and y?
9
Suppose -5*i = -3*n - i + 147, -5*i - 105 = -2*n. Let f be (-720)/(-75) - 4/(-10). Suppose -f*d + 17 = -133. Calculate the highest common divisor of d and n.
15
Suppose 37*u - t = 40*u - 23664, 3*u = -9*t + 23688. Calculate the highest common factor of 66 and u.
33
Suppose 106 = 4*d - 134. Suppose -6*t - 4*t = -d. Calculate the greatest common factor of 72 and t.
6
Suppose -299*t - 102 = -305*t. Let q = -29 + 24. Let w be 220 - (0/q + -1). What is the greatest common divisor of w and t?
17
Suppose 2*x = 198 + 44. Suppose -117*v = -x*v + 136. What is the greatest common divisor of 51 and v?
17
Let p = 9630 - 8083. What is the greatest common factor of p and 51?
17
Let l = 872 - 872. Suppose 3*g - 60*r = -65*r + 183, 5*r - 15 = l. Calculate the highest common divisor of 48 and g.
8
Let w(z) = 2*z**3 + 183*z**2 - 96*z - 302. Let k be w(-92). Suppose 0 = 2*t - 2*q - 4, -3*t + 2*q + 2*q + 2 = 0. What is the greatest common divisor of t and k?
6
Let v = 2871 - 2283. Calculate the greatest common factor of 2793 and v.
147
Suppose 69*r - 1440 = -336. Suppose -5*c = -2*i - 3*c + 502, 0 = -2*c + 10. Calculate the greatest common divisor of r and i.
16
Let v = 156 + -149. Let k be (25 - (v - 5)) + -3. What is the highest common divisor of k and 80?
20
Suppose -1278 = -105*n + 348*n - 64458. What is the greatest common factor of n and 5876?
52
Let d = 1397 + -74. What is the greatest common factor of d and 54?
27
Suppose 0 = 195*a - 199*a. Let y be (0/(-4))/(a - 1) + 50. What is the highest common factor of y and 50?
50
Suppose 140 = 2*f - 5*h, h - 104 - 12 = -2*f. Let t = -88944 + 88972. Calculate the greatest common divisor of f and t.
4
Let l be 4 - 1/1*-226. Suppose 4*y - 366 = l. Suppose -o - 39 = -y. What is the greatest common divisor of o and 22?
22
Let d = 36440 + -23884. What is the highest common factor of d and 146?
146
Let h be (12/42 - (-4)/(-14))/1. Let q be (-7)/(-7) + h + 5. Suppose -38 = q*w - 98. What is the greatest common factor of 40 and w?
10
Suppose 48*s + 1 = 47*s. Let a = 8 - s. What is the highest common divisor of a and 6?
3
Let n(s) = 8 - 64*s**2 + 27*s**3 + 4 + 14 - 24*s**3 + 23*s - 6. Let q be n(21). What is the greatest common factor of q and 2?
2
Let o be (-93)/(-21) + 8/14. Suppose -3*k + 4*b + 73 = -51, -o*k = b - 176. Calculate the highest common divisor of k and 24.
12
Let k be (2 - 0)*(-3 - 2). Let m be (2/k)/(944/(-940) - -1). Calculate the highest common divisor of m and 188.
47
Let d = -4938 + 5042. Calculate the highest common factor of d and 884.
52
Suppose 4*m - 6531 = -5*l, 98*l - 99*l = 5*m - 1281. What is the greatest common factor of l and 57?
57
Let p = -314 + 326. What is the highest common divisor of p and 292?
4
Suppose 3*m - 111 = 2*q + 127, -4*m + q = -309. Let k = m + -70. Calculate the highest common divisor of k and 6.
6
Let c(s) = 24*s - 11. Let v be c(4). Let i = 71 + -69. Suppose 0 = -3*d + i*d + 17. What is the greatest common divisor of v and d?
17
Suppose 7938 = 2*z + 2387 - 2693. What is the highest common factor of z and 18?
18
Suppose 5*p - 3600 = 4*p. Suppose 3*n - p = -6*n. Suppose 4 - n = -9*v. What is the greatest common factor of v and 352?
44
Let y(u) = 8*u + 204. Let b be y(-22). Let a be ((120/1)/(-2))/(b/(-42)). What is the greatest common divisor of a and 405?
45
Let z = -3637 + 3667. What is the highest common divisor of 285 and z?
15
Let v(q) = 11*q + 1826. Let g be v(-31). Calculate the highest common divisor of 3795 and g.
165
Suppose 3828 = -4386*p + 4419*p. What is the highest common factor of p and 164?
4
Let c be 4/((-470)/(-66) - 7). Suppose 2*g - 79 = -2*z + 3*z, 5*z + 455 = -5*g. Let p = 318 + z. What is the highest common divisor of c and p?
33
Let i be 945/(-1) + -5 + 14/2. Let d = i + 1433. Calculate the highest common factor of 10 and d.
10
Let b(t) = 6*t + 35. Let q(s) = 5*s + 35. Let p(h) = -4*b(h) + 5*q(h). Let f be p(0). Calculate the greatest common factor of f and 5.
5
Let j be ((-62)/(-6))/((-24)/(-504)). Suppose -x - d + 69 = 0, d - j = -4*x + x. Calculate the greatest common divisor of 259 and x.
37
Suppose 69*b - 12 = 75*b. Let z be b + -4 + 483/(7 - 0). Let n be ((-6)/(-8))/(2/48). Calculate the highest common factor of n and z.
9
Let h be -1 + (-2 - 